{"id":1057,"date":"2025-02-25T14:33:59","date_gmt":"2025-02-25T14:33:59","guid":{"rendered":"https:\/\/mandelukogia.eauchat.org\/?page_id=1057"},"modified":"2025-02-25T14:48:18","modified_gmt":"2025-02-25T14:48:18","slug":"iritzi-testuak","status":"publish","type":"page","link":"https:\/\/mandelukogia.eauchat.org\/?page_id=1057","title":{"rendered":"Iritzi testuak"},"content":{"rendered":"\n<p style=\"font-size:24px\"><strong>Eskudirua bai, diru digital ez!<\/strong><\/p>\n\n\n\n<p>Gaur egun eskudirua gero eta gutxiago erabiltzen dugu. Gure ekoizle dendan ere tendantzia hori ikusi dugu covideko garaian baino lehen, erdiko jendeak erosketak eskudiruarekin ordaintzen zituen, berriz, orain bezeroer %90ek dirudigidalarekin ordaintzen dute. Gu, ekoizleak, pozik gaude gure bezeroek gehiago erosten dute dirudigitalarekin! Dirudigitalarekin, erosten dugunean, gure kontuak gutxiago menperatzen ditugu.<\/p>\n\n\n\n<p>Aujourd\u2019hui, nous utilisons de moins en moins l\u2019argent liquide. Dans notre magasin de producteur aussi, nous avons pu observer cette tendance. Avant le covid la moiti\u00e9 des clients payaient avec de l\u2019argent liquide, maintenant, en revanche 90% des client-es paient avec de l\u2019argent digital. Nous, les producteur-ices sommes content-e-s car les client-es consomment davantage! Quand nous achetons avec de l\u2019argent num\u00e9rique, nos comptes nous les maitrisons moins.<\/p>\n\n\n\n<p>Lehenik eta behin, eskudiruarekin zure kontua kontrolatzen duzu erosketak egin dituzunean. Fisikoa delako. Eskuetan ikusten ahal duzu zenbat diru egoten den. Diru digitalekin, ordea, ordaindu duzunean abstraktzion den bezala, abiadura handia ordaintzeko baduzu.<\/p>\n\n\n\n<p>Alde batetik, gure gobernoek, eskudirua egiteko garestia dela esan dute. Horregatik diru digitala bultzatzen dute, baina diru digitala ere garestia da. Elektrizitatea gastatzen da, ordenaguilu asko erabiltzen du, gainera transferentzian bakoitza ordaindu behar dugu.<\/p>\n\n\n\n<p>Beste aldetik, diru digitala empresek edo gobernoek menperatu dezakete. Haiek badakite dena zuei buruz. Badakite non egon zinen. Eta agian egun batez ez daude bat izango zurekin, orduan zure dirua kendu dezakete. Eskudiruarekin egoera hori ez gertatu liteke. Edo, zure gobernoak dirua nahi badu, errazagoa izango da haientzat dirua lapurtzea. Horregatik gero eta jende gehiagok urrea ere erosten du.<\/p>\n\n\n\n<p>Horretaz gain, nahiz eta eskudirua lapurtu izan zitekeen, dirudigitalarekin diru kopuru handiagoa lapurtzea errasagoa da.<\/p>\n\n\n\n<p>Beraz, esandako guztia kontuan hartuta, argi eta garbi dut eskudirua erabiltzea ganrantzitsua dela. Eskudiruarekin askea zara. Nahiz eta gobernoek edo empresek eskudirua kentzea lortu, gizarteak beste eskudirua asmatuko du, harremanak segituko direlako.<\/p>\n\n\n\n<p>Avant tout, avec l\u2019argent liquide nous contr\u00f4lons davantage nos comptes lors de nos achats. Parce qu\u2019il est mat\u00e9riel. Nous pouvons voir l\u2019argent qu\u2019il nous reste dans nos mains. Avec l\u2019argent digital, en revanche, le paiement est une abstraction qui se d\u00e9roule \u00e0 haute vitesse.<\/p>\n\n\n\n<p>D\u2019un c\u00f4t\u00e9, nos gouvernements nous disent que cr\u00e9er de l\u2019argent liquide est assez cher \u00e0 fabriquer a cause des m\u00e9taux, c\u2019est pour cela qu\u2019ils poussent au d\u00e9veloppement de l\u2019argent num\u00e9rique, mais l\u2019argent num\u00e9rique aussi co\u00fbt tr\u00e8s cher. Il faut de l\u2019\u00e9lectricit\u00e9, des ordinateurs, et chaque transferts co\u00fbt de l\u2019argent\u2026<\/p>\n\n\n\n<p><\/p>\n\n\n\n<p><\/p>\n\n\n\n<p style=\"font-size:27px\"><strong>Sukaldetik ere gure etorkizuna pasatukoda!<\/strong><\/p>\n\n\n\n<p>(Maizpideko idazlana)<\/p>\n\n\n\n<p>Atzo Euskal Herriko telebistan, esan dute jendeak gero eta janari prestatu gehiago jaten duela etxean. Bat nator berriarekin. Xiberoko azoketan barazkiak saltzen ditut, duela hamar urte. Hasieran janari prestatu postu bat bakarrik bazen Xiberoko azoketan. Gaur egun, aldiz, postuen %50 ek janari prestatuta saltzen dute. Nire iritziz, hartu dugun bidea, gaizki da.<\/p>\n\n\n\n<p>Lehenik eta behin, uste dut gure gizaldian ez dakigula kosinatzen. Jende gutxik ikasi du janaria egin, bere gurasoekin txikitan. Nire ustez, janari prestatuta erosi duen jendearen, arrazoia nagusia da. Janaria prestatzea, une ona izan liteke familiarekin. Gainera zure seme-alabek, denetik ikasten dute. Matematika, botanika, hitzak etab&#8230;<\/p>\n\n\n\n<p>Gure seme-alabak, gure etorkizuna dira. Azoka ederrak nahi baditugu, orduan gure seme-alabei janari prestatzen irakatsi behar diegu.<\/p>\n\n\n\n<p>Bestalde janaria prestatzen duzunean elikadura aukeratu dezakezu. Besteak beste, herriko barazkiak, aldiz, janari prestatuta erosten duzunean gehienetan elikadura industriala da. Bi desabentail dira. Lehenik, elikadura industriala kaltegarria da. Bigarrenik gure herriko ekoizleek ez dute laguntza zure partez. Zure dirua, multinazionara joan da. Haeik diru gehiegi dute. Uste dut gure herrietan, gure dirua gorde behar dugula.<\/p>\n\n\n\n<p>Horretaz gain, ekonomiko krisisarekin, jendea gero eta langabe gehiago da. Horregatik janaria prestatuta azoketan hasten saltzen du. Hasteko diru gutxi eskatu duelako. Gainera gure herrietan eskaera handi badu janari prestatutak, zeren eta gure gizartea zaharra da. Zaharentzat errazagoa da jatea. Nik nahiago dut, zaharrek jan duten janari prestatuta ona izan dela. Gure bertako elikadurarekin.<\/p>\n\n\n\n<p>Beraz, esandako guztia kontuan hartuta, argi eta garbi daukat etxean janaria prestatzea hobe dela.<\/p>\n","protected":false},"excerpt":{"rendered":"<p>Eskudirua bai, diru digital ez! Gaur egun eskudirua gero eta gutxiago erabiltzen dugu. Gure ekoizle dendan ere tendantzia hori ikusi dugu covideko garaian baino lehen, erdiko jendeak erosketak eskudiruarekin ordaintzen zituen, berriz, orain bezeroer %90ek dirudigidalarekin ordaintzen dute. Gu, ekoizleak, pozik gaude gure bezeroek gehiago erosten dute dirudigitalarekin! Dirudigitalarekin, erosten dugunean, gure kontuak gutxiago menperatzen &hellip; <\/p>\n<p><a class=\"more-link btn\" href=\"https:\/\/mandelukogia.eauchat.org\/?page_id=1057\">Lire la suite<\/a><\/p>\n","protected":false},"author":1,"featured_media":0,"parent":0,"menu_order":0,"comment_status":"closed","ping_status":"closed","template":"","meta":{"footnotes":""},"class_list":["post-1057","page","type-page","status-publish","hentry","nodate","item-wrap"],"jetpack_sharing_enabled":true,"_links":{"self":[{"href":"https:\/\/mandelukogia.eauchat.org\/index.php?rest_route=\/wp\/v2\/pages\/1057","targetHints":{"allow":["GET"]}}],"collection":[{"href":"https:\/\/mandelukogia.eauchat.org\/index.php?rest_route=\/wp\/v2\/pages"}],"about":[{"href":"https:\/\/mandelukogia.eauchat.org\/index.php?rest_route=\/wp\/v2\/types\/page"}],"author":[{"embeddable":true,"href":"https:\/\/mandelukogia.eauchat.org\/index.php?rest_route=\/wp\/v2\/users\/1"}],"replies":[{"embeddable":true,"href":"https:\/\/mandelukogia.eauchat.org\/index.php?rest_route=%2Fwp%2Fv2%2Fcomments&post=1057"}],"version-history":[{"count":4,"href":"https:\/\/mandelukogia.eauchat.org\/index.php?rest_route=\/wp\/v2\/pages\/1057\/revisions"}],"predecessor-version":[{"id":1066,"href":"https:\/\/mandelukogia.eauchat.org\/index.php?rest_route=\/wp\/v2\/pages\/1057\/revisions\/1066"}],"wp:attachment":[{"href":"https:\/\/mandelukogia.eauchat.org\/index.php?rest_route=%2Fwp%2Fv2%2Fmedia&parent=1057"}],"curies":[{"name":"wp","href":"https:\/\/api.w.org\/{rel}","templated":true}]}}